common factor of 44887627 and 542.
271
Calculate the greatest common factor of 1373768 and 181168.
536
Calculate the highest common divisor of 16665 and 31515.
165
Calculate the greatest common divisor of 6276 and 2093234280.
6276
Calculate the greatest common divisor of 101488 and 14992.
16
Calculate the highest common factor of 5000010 and 420.
30
What is the greatest common divisor of 754888 and 3715?
743
What is the greatest common divisor of 852383 and 6070393?
3241
Calculate the highest common divisor of 3831 and 8452463.
1277
What is the greatest common divisor of 451438 and 895?
179
Calculate the highest common divisor of 162743 and 19085.
347
Calculate the greatest common factor of 60 and 1452765.
15
What is the highest common factor of 15279924 and 84?
12
Calculate the highest common factor of 26197 and 33495797.
391
What is the greatest common divisor of 34 and 5707393?
17
Calculate the highest common divisor of 231 and 13562241.
231
What is the highest common divisor of 5152 and 6804136?
184
What is the greatest common divisor of 1137 and 40565128?
379
Calculate the highest common factor of 10911130 and 42845.
95
Calculate the highest common factor of 32 and 219810128.
16
Calculate the highest common factor of 58988320 and 3712.
928
What is the greatest common factor of 25207 and 767?
13
What is the highest common divisor of 89529 and 1386343?
2713
What is the greatest common factor of 1036330 and 65410?
310
Calculate the highest common divisor of 415530 and 361098.
486
Calculate the greatest common divisor of 27285372 and 36.
36
What is the greatest common factor of 2395241497 and 11?
11
Calculate the greatest common factor of 26 and 12981007.
13
Calculate the highest common factor of 72 and 236868712.
8
What is the highest common divisor of 335 and 49663415?
335
What is the highest common divisor of 248752593 and 839?
839
Calculate the highest common divisor of 516720 and 53232.
48
Calculate the highest common divisor of 19 and 63978510.
19
Calculate the highest common divisor of 5068544 and 9472.
256
What is the greatest common divisor of 1856910 and 20400?
510
What is the highest common divisor of 5850 and 37173825?
2925
Calculate the highest common divisor of 2941188 and 18924.
996
What is the highest common factor of 377 and 13835639?
29
What is the highest common divisor of 100451137 and 3902?
1951
Calculate the highest common divisor of 90 and 227456.
2
What is the greatest common factor of 96470661 and 7?
7
Calculate the greatest common divisor of 2544 and 200584.
8
What is the greatest common divisor of 57558 and 1746456?
318
Calculate the highest common factor of 299 and 973487788.
299
Calculate the greatest common factor of 38236900 and 52.
52
Calculate the highest common divisor of 231393207 and 186.
93
What is the greatest common factor of 30847168 and 2838?
946
Calculate the greatest common factor of 113 and 12276320.
113
What is the highest common divisor of 7812 and 2615718?
1302
What is the highest common divisor of 19250 and 111419?
77
What is the highest common factor of 34 and 29631799?
17
Calculate the highest common factor of 2120 and 459245.
265
What is the highest common factor of 30689927 and 2328?
97
What is the highest common divisor of 910396104 and 317?
317
What is the greatest common factor of 1154307 and 33927?
789
Calculate the greatest common factor of 10808816 and 32.
16
What is the highest common divisor of 4593163 and 5761?
823
What is the greatest common factor of 88 and 2631002?
22
Calculate the greatest common divisor of 1525 and 50320120.
305
What is the greatest common divisor of 40 and 210199300?
20
What is the highest common factor of 131840 and 239784?
824
What is the highest common factor of 1788759189 and 63?
63
Calculate the highest common factor of 74244 and 3468.
12
Calculate the greatest common factor of 302929 and 2519.
11
What is the highest common factor of 121034208 and 288?
96
What is the highest common factor of 3275 and 42425?
25
Calculate the greatest common factor of 3658 and 178718906.
3658
Calculate the highest common factor of 61412884 and 104.
52
What is the highest common divisor of 6536 and 842327?
817
Calculate the highest common factor of 9840 and 107591790.
1230
What is the highest common factor of 49306 and 278214?
178
Calculate the greatest common factor of 133 and 1470191709.
133
What is the highest common divisor of 5703840 and 1620?
180
Calculate the highest common factor of 663060 and 3483.
129
What is the highest common factor of 212367790 and 962?
74
Calculate the greatest common factor of 63040 and 1391440.
80
Calculate the highest common divisor of 1225200 and 4800.
1200
Calculate the greatest common divisor of 4802 and 727445376.
4802
Calculate the greatest common factor of 92651476 and 376.
188
Calculate the greatest common divisor of 20547201 and 41439.
2181
Calculate the highest common divisor of 10215980 and 340.
340
Calculate the highest common factor of 28939 and 72011.
673
Calculate the greatest common divisor of 223649 and 11096.
19
What is the greatest common divisor of 2656352 and 133152?
608
Calculate the greatest common factor of 44414 and 48185.
419
Calculate the highest common factor of 58 and 200709.
29
Calculate the greatest common divisor of 177263 and 24570717.
1721
What is the greatest common divisor of 16307276 and 46?
46
What is the greatest common divisor of 32 and 27989732?
4
Calculate the highest common factor of 760 and 20170552.
152
What is the greatest common divisor of 1475 and 150509?
59
Calculate the highest common factor of 293052 and 124.
4
What is the highest common divisor of 6072 and 75182492?
1012
What is the highest common divisor of 7949092 and 233312?
1268
What is the greatest common divisor of 13962 and 779844?
78
Calculate the highest common divisor of 775936 and 5312.
64
Calculate the greatest common factor of 35979990 and 50490.
510
Calculate the greatest common divisor of 93720290 and 5.
5
Calculate the greatest common factor of 46530 and 3618630.
90
Calculate the highest common factor of 1912 and 6712076.
956
Calculate the greatest common divisor of 10143 and 307832.
161
Calculate the greatest common divisor of 9400 and 321450.
50
Calculate the highest common divisor of 2068710 and 2310.
210
What is the greatest common factor of 180 and 7971084?
36
Calculate the highest common factor of 69363 and 8523.
9
Calculate the greatest common divisor of 5333172 and 2346.
102
What is the greatest common factor of 1780 and 643648?
356
Calculate the highest common divisor of 44655 and 74400.
15
What is the highest common factor of 41706 and 581?
7
Calculate the greatest common factor of 1830630 and 330.
30
What is the greatest common factor of 62950443 and 11142?
1857
What is the highest common divisor of 5935021 and 77181?
1979
What is the highest common factor of 282 and 250986439?
47
What is the greatest common divisor of 52021002 and 30338?
4334
Calculate the greatest common factor of 99268 and 4833920.
4316
Calculate the greatest common divisor of 660231 and 3471.
39
Calculate the greatest common divisor of 2442 and 9238456.
74
Calculate the greatest common divisor of 608608 and 337896.
1976
What is the highest common factor of 3219 and 1424103?
87
Calculate the greatest common factor of 29610 and 73762740.
4230
What is the greatest common factor of 9622772 and 568?
284
What is the greatest common divisor of 19456 and 420128?
608
What is the greatest common divisor of 1335 and 4983555?
1335
What is the highest common factor of 70737385 and 50?
5
What is the highest common divisor of 22455062 and 2618?
238
What is the highest common divisor of 26 and 5904158?
26
What is the greatest common factor of 10441 and 864589?
53
Calculate the highest common divisor of 24559344 and 1008.
144
Calculate the highest common divisor of 5377 and 3629.
19
What is the highest common factor of 15363789 and 20909?
721
What is the greatest common divisor of 99035 and 1790315?
145
Calculate the highest common factor of 448008 and 924.
132
What is the highest common factor of 3064 and 1413270?
766
Calculate the highest common factor of 275615 and 7568965.
995
Calculate the greatest common factor of 87478140 and 24.
12
Calculate the gr